{"id":758,"date":"2021-11-17T13:40:13","date_gmt":"2021-11-17T12:40:13","guid":{"rendered":"https:\/\/calandreta.establiment.fr\/brageirac\/?page_id=758"},"modified":"2025-11-29T01:03:05","modified_gmt":"2025-11-29T00:03:05","slug":"presentacion-de-las-classas","status":"publish","type":"page","link":"https:\/\/brageirac.establiment.fr\/?page_id=758","title":{"rendered":"Presentacion de las classas"},"content":{"rendered":"\t\t<div data-elementor-type=\"wp-page\" data-elementor-id=\"758\" class=\"elementor elementor-758\">\n\t\t\t\t\t\t<section class=\"elementor-section elementor-top-section elementor-element elementor-element-f6ef0bf elementor-section-boxed elementor-section-height-default elementor-section-height-default\" data-id=\"f6ef0bf\" data-element_type=\"section\">\n\t\t\t\t\t\t<div class=\"elementor-container elementor-column-gap-default\">\n\t\t\t\t\t<div class=\"elementor-column elementor-col-50 elementor-top-column elementor-element elementor-element-9aad78d\" data-id=\"9aad78d\" data-element_type=\"column\">\n\t\t\t<div class=\"elementor-widget-wrap elementor-element-populated\">\n\t\t\t\t\t\t<div class=\"elementor-element elementor-element-a072f55 elementor-widget elementor-widget-text-editor\" data-id=\"a072f55\" data-element_type=\"widget\" data-widget_type=\"text-editor.default\">\n\t\t\t\t<div class=\"elementor-widget-container\">\n\t\t\t\t\t\t\t<p>Classa dels TPS-PS-MS<\/p><p><strong>Son 17 escolans dins aquela classa<\/strong>.<\/p><p><span style=\"font-family: Georgia, Palatino;\"><span style=\"font-variant-caps: normal; font-size: 14px; font-style: normal; font-weight: 600;\">Lo matin fan los rituals, los talhi\u00e8rs dirigits o auton\u00f2mes e a las institucions<\/span><span style=\"font-size: 14px; color: var( --e-global-color-text ); font-weight: 600;\">.\u00a0<\/span><span style=\"font-size: 14px; color: var( --e-global-color-text );\">Le matin est consacr\u00e9 aux rituels, aux ateliers dirig\u00e9s ou autonomes et aux institutions.<\/span><\/span><\/p><p><span style=\"font-family: Georgia, Palatino;\"><b>En debuta de v\u00e8spre, los TPS-PS-MS fan la dormid<\/b><\/span><strong><span style=\"font-family: Georgia, Palatino;\">a pu\u00e8i t\u00f2rnan far una activitat en fin de v\u00e8spre<\/span><\/strong><span style=\"font-family: Georgia, Palatino; font-size: 14px; color: var( --e-global-color-text ); font-weight: 600;\">. En d\u00e9but d&rsquo;<\/span><span style=\"font-family: Georgia, Palatino; font-size: 14px; color: var( --e-global-color-text );\">apr\u00e8s-midi, les TPS-PS-MS font la sieste puis ils refont une activit\u00e9 en fin d&rsquo;apr\u00e8s-midi.<\/span><\/p>\t\t\t\t\t\t<\/div>\n\t\t\t\t<\/div>\n\t\t\t\t\t<\/div>\n\t\t<\/div>\n\t\t\t\t<div class=\"elementor-column elementor-col-50 elementor-top-column elementor-element elementor-element-78f55b5\" data-id=\"78f55b5\" data-element_type=\"column\">\n\t\t\t<div class=\"elementor-widget-wrap elementor-element-populated\">\n\t\t\t\t\t\t<div class=\"elementor-element elementor-element-53601c2 elementor-widget elementor-widget-image\" data-id=\"53601c2\" data-element_type=\"widget\" data-widget_type=\"image.default\">\n\t\t\t\t<div class=\"elementor-widget-container\">\n\t\t\t\t\t\t\t\t\t\t\t\t\t<img fetchpriority=\"high\" decoding=\"async\" width=\"1024\" height=\"768\" src=\"https:\/\/brageirac.establiment.fr\/wp-content\/uploads\/2025\/04\/IMG_7406-min-1024x768.jpg\" class=\"attachment-large size-large wp-image-1710\" alt=\"\" srcset=\"https:\/\/brageirac.establiment.fr\/wp-content\/uploads\/2025\/04\/IMG_7406-min-1024x768.jpg 1024w, https:\/\/brageirac.establiment.fr\/wp-content\/uploads\/2025\/04\/IMG_7406-min-300x225.jpg 300w, https:\/\/brageirac.establiment.fr\/wp-content\/uploads\/2025\/04\/IMG_7406-min-768x576.jpg 768w, https:\/\/brageirac.establiment.fr\/wp-content\/uploads\/2025\/04\/IMG_7406-min-1536x1152.jpg 1536w, https:\/\/brageirac.establiment.fr\/wp-content\/uploads\/2025\/04\/IMG_7406-min-2048x1536.jpg 2048w\" sizes=\"(max-width: 1024px) 100vw, 1024px\" \/>\t\t\t\t\t\t\t\t\t\t\t\t\t<\/div>\n\t\t\t\t<\/div>\n\t\t\t\t\t<\/div>\n\t\t<\/div>\n\t\t\t\t\t<\/div>\n\t\t<\/section>\n\t\t\t\t<section class=\"elementor-section elementor-top-section elementor-element elementor-element-faec52c elementor-section-boxed elementor-section-height-default elementor-section-height-default\" data-id=\"faec52c\" data-element_type=\"section\">\n\t\t\t\t\t\t<div class=\"elementor-container elementor-column-gap-default\">\n\t\t\t\t\t<div class=\"elementor-column elementor-col-100 elementor-top-column elementor-element elementor-element-2085ea7\" data-id=\"2085ea7\" data-element_type=\"column\">\n\t\t\t<div class=\"elementor-widget-wrap elementor-element-populated\">\n\t\t\t\t\t\t<div class=\"elementor-element elementor-element-05a90dd elementor-widget-divider--view-line_icon elementor-view-default elementor-widget-divider--element-align-center elementor-widget elementor-widget-divider\" data-id=\"05a90dd\" data-element_type=\"widget\" data-widget_type=\"divider.default\">\n\t\t\t\t<div class=\"elementor-widget-container\">\n\t\t\t\t\t<div class=\"elementor-divider\">\n\t\t\t<span class=\"elementor-divider-separator\">\n\t\t\t\t\t\t\t<div class=\"elementor-icon elementor-divider__element\">\n\t\t\t\t\t<i aria-hidden=\"true\" class=\"fas fa-star\"><\/i><\/div>\n\t\t\t\t\t\t<\/span>\n\t\t<\/div>\n\t\t\t\t<\/div>\n\t\t\t\t<\/div>\n\t\t\t\t\t<\/div>\n\t\t<\/div>\n\t\t\t\t\t<\/div>\n\t\t<\/section>\n\t\t\t\t<section class=\"elementor-section elementor-top-section elementor-element elementor-element-07f2f19 elementor-section-boxed elementor-section-height-default elementor-section-height-default\" data-id=\"07f2f19\" data-element_type=\"section\">\n\t\t\t\t\t\t<div class=\"elementor-container elementor-column-gap-default\">\n\t\t\t\t\t<div class=\"elementor-column elementor-col-50 elementor-top-column elementor-element elementor-element-37c1074\" data-id=\"37c1074\" data-element_type=\"column\">\n\t\t\t<div class=\"elementor-widget-wrap elementor-element-populated\">\n\t\t\t\t\t\t<div class=\"elementor-element elementor-element-8be7bff elementor-widget elementor-widget-image\" data-id=\"8be7bff\" data-element_type=\"widget\" data-widget_type=\"image.default\">\n\t\t\t\t<div class=\"elementor-widget-container\">\n\t\t\t\t\t\t\t\t\t\t\t\t\t<img decoding=\"async\" width=\"1024\" height=\"768\" src=\"https:\/\/brageirac.establiment.fr\/wp-content\/uploads\/2022\/09\/IMG_0287-preview.jpg\" class=\"attachment-large size-large wp-image-1114\" alt=\"\" \/>\t\t\t\t\t\t\t\t\t\t\t\t\t<\/div>\n\t\t\t\t<\/div>\n\t\t\t\t\t<\/div>\n\t\t<\/div>\n\t\t\t\t<div class=\"elementor-column elementor-col-50 elementor-top-column elementor-element elementor-element-0c9cfd0\" data-id=\"0c9cfd0\" data-element_type=\"column\">\n\t\t\t<div class=\"elementor-widget-wrap elementor-element-populated\">\n\t\t\t\t\t\t<div class=\"elementor-element elementor-element-45a4c65 elementor-widget elementor-widget-text-editor\" data-id=\"45a4c65\" data-element_type=\"widget\" data-widget_type=\"text-editor.default\">\n\t\t\t\t<div class=\"elementor-widget-container\">\n\t\t\t\t\t\t\t<h1>\u00a0<span style=\"font-size: 23px; font-weight: 600;\">Classa dels GS-CP-CE1<\/span><\/h1><p><strong>Son 15 escolans dins aquela classa<\/strong>.<\/p><p><b>Un jorn sus dos debuta de v\u00e8spre los GS\/CP van si\u00e1 trabalhar la lectura e <\/b><span style=\"font-weight: 600;\">l&rsquo;escritura en occitan amb Aur\u00f2ra si\u00e1 las matematicas amb Paulina<\/span><span style=\"color: var( --e-global-color-text );\">. <strong>Los CE1 van amb los CE2 si\u00e1 en\u00a0<\/strong><\/span><strong>mathematicas amb Aur\u00f2ra si\u00e1 en franc\u00e9s amb Carolina (un jorn sus dos).<span style=\"color: var( --e-global-color-text );\">\u00a0<\/span><\/strong><\/p><p><span style=\"color: var( --e-global-color-text );\">Un jour sur deux, en d\u00e9but d&rsquo;apr\u00e8s-midi, <\/span>les GS\/CP vont soit travailler la lecture et l&rsquo;\u00e9criture en occitan avec Aurore, soit les math\u00e9matiques avec Pauline. Les CE1 vont avec les CE2 soit en math\u00e9matiques avec Aur\u00f2ra soit en fran\u00e7ais avec Caroline (un jour sur deux).<\/p>\t\t\t\t\t\t<\/div>\n\t\t\t\t<\/div>\n\t\t\t\t\t<\/div>\n\t\t<\/div>\n\t\t\t\t\t<\/div>\n\t\t<\/section>\n\t\t\t\t<section class=\"elementor-section elementor-top-section elementor-element elementor-element-2523dc9 elementor-section-boxed elementor-section-height-default elementor-section-height-default\" data-id=\"2523dc9\" data-element_type=\"section\">\n\t\t\t\t\t\t<div class=\"elementor-container elementor-column-gap-default\">\n\t\t\t\t\t<div class=\"elementor-column elementor-col-100 elementor-top-column elementor-element elementor-element-a5c768c\" data-id=\"a5c768c\" data-element_type=\"column\">\n\t\t\t<div class=\"elementor-widget-wrap elementor-element-populated\">\n\t\t\t\t\t\t<div class=\"elementor-element elementor-element-ddc43da elementor-widget-divider--view-line_icon elementor-view-default elementor-widget-divider--element-align-center elementor-widget elementor-widget-divider\" data-id=\"ddc43da\" data-element_type=\"widget\" data-widget_type=\"divider.default\">\n\t\t\t\t<div class=\"elementor-widget-container\">\n\t\t\t\t\t<div class=\"elementor-divider\">\n\t\t\t<span class=\"elementor-divider-separator\">\n\t\t\t\t\t\t\t<div class=\"elementor-icon elementor-divider__element\">\n\t\t\t\t\t<i aria-hidden=\"true\" class=\"fas fa-star\"><\/i><\/div>\n\t\t\t\t\t\t<\/span>\n\t\t<\/div>\n\t\t\t\t<\/div>\n\t\t\t\t<\/div>\n\t\t\t\t\t<\/div>\n\t\t<\/div>\n\t\t\t\t\t<\/div>\n\t\t<\/section>\n\t\t\t\t<section class=\"elementor-section elementor-top-section elementor-element elementor-element-6d12ded elementor-section-boxed elementor-section-height-default elementor-section-height-default\" data-id=\"6d12ded\" data-element_type=\"section\">\n\t\t\t\t\t\t<div class=\"elementor-container elementor-column-gap-default\">\n\t\t\t\t\t<div class=\"elementor-column elementor-col-50 elementor-top-column elementor-element elementor-element-9048095\" data-id=\"9048095\" data-element_type=\"column\">\n\t\t\t<div class=\"elementor-widget-wrap elementor-element-populated\">\n\t\t\t\t\t\t<div class=\"elementor-element elementor-element-5050a50 elementor-widget elementor-widget-text-editor\" data-id=\"5050a50\" data-element_type=\"widget\" data-widget_type=\"text-editor.default\">\n\t\t\t\t<div class=\"elementor-widget-container\">\n\t\t\t\t\t\t\t<h1>\u00a0<\/h1><h1><span style=\"font-size: 23px; font-weight: 600;\">Classa dels CE2-CM1-CM2<\/span><\/h1><p><strong>Son 12 escolans dins aquela classa<\/strong>.\u00a0<\/p><p><b style=\"font-size: 14px; color: var( --e-global-color-text );\">En debuta de v\u00e8spre, un jorn sus dos, los CE2 (amb los CE1) van en\u00a0<\/b><span style=\"font-size: 14px; color: var( --e-global-color-text ); font-weight: 600;\">franc\u00e9s<\/span><b style=\"font-size: 14px; color: var( --e-global-color-text );\">\u00a0amb Carolina e un jorn sus dos son los CM.\u00a0<\/b><\/p><p><span style=\"font-size: 14px; color: var( --e-global-color-text );\">En d\u00e9but d&rsquo;apr\u00e8s-midi, un jour sur deux, les CE2 (avec les CE1) vont en fran\u00e7ais avec Caroline et un jour sur deux ce sont les CM.<\/span><\/p>\t\t\t\t\t\t<\/div>\n\t\t\t\t<\/div>\n\t\t\t\t\t<\/div>\n\t\t<\/div>\n\t\t\t\t<div class=\"elementor-column elementor-col-50 elementor-top-column elementor-element elementor-element-3a889d5\" data-id=\"3a889d5\" data-element_type=\"column\">\n\t\t\t<div class=\"elementor-widget-wrap elementor-element-populated\">\n\t\t\t\t\t\t<div class=\"elementor-element elementor-element-db82318 elementor-widget elementor-widget-image\" data-id=\"db82318\" data-element_type=\"widget\" data-widget_type=\"image.default\">\n\t\t\t\t<div class=\"elementor-widget-container\">\n\t\t\t\t\t\t\t\t\t\t\t\t\t<img decoding=\"async\" width=\"1536\" height=\"1152\" src=\"https:\/\/brageirac.establiment.fr\/wp-content\/uploads\/2022\/01\/1.jpg\" class=\"attachment-1536x1536 size-1536x1536 wp-image-857\" alt=\"\" \/>\t\t\t\t\t\t\t\t\t\t\t\t\t<\/div>\n\t\t\t\t<\/div>\n\t\t\t\t\t<\/div>\n\t\t<\/div>\n\t\t\t\t\t<\/div>\n\t\t<\/section>\n\t\t\t\t<section class=\"elementor-section elementor-top-section elementor-element elementor-element-cc61e43 elementor-section-boxed elementor-section-height-default elementor-section-height-default\" data-id=\"cc61e43\" data-element_type=\"section\">\n\t\t\t\t\t\t<div class=\"elementor-container elementor-column-gap-default\">\n\t\t\t\t\t<div class=\"elementor-column elementor-col-100 elementor-top-column elementor-element elementor-element-d5a5403\" data-id=\"d5a5403\" data-element_type=\"column\">\n\t\t\t<div class=\"elementor-widget-wrap\">\n\t\t\t\t\t\t\t<\/div>\n\t\t<\/div>\n\t\t\t\t\t<\/div>\n\t\t<\/section>\n\t\t\t\t<\/div>\n\t\t","protected":false},"excerpt":{"rendered":"<p>Classa dels TPS-PS-MS Son 17 escolans dins aquela classa. Lo matin fan los rituals, los talhi\u00e8rs dirigits o auton\u00f2mes e a las institucions.\u00a0Le matin est consacr\u00e9 aux rituels, aux ateliers [&hellip;]<\/p>\n","protected":false},"author":2,"featured_media":0,"parent":0,"menu_order":0,"comment_status":"closed","ping_status":"closed","template":"","meta":{"_EventAllDay":false,"_EventTimezone":"","_EventStartDate":"","_EventEndDate":"","_EventStartDateUTC":"","_EventEndDateUTC":"","_EventShowMap":false,"_EventShowMapLink":false,"_EventURL":"","_EventCost":"","_EventCostDescription":"","_EventCurrencySymbol":"","_EventCurrencyCode":"","_EventCurrencyPosition":"","_EventDateTimeSeparator":"","_EventTimeRangeSeparator":"","_EventOrganizerID":[],"_EventVenueID":[],"_OrganizerEmail":"","_OrganizerPhone":"","_OrganizerWebsite":"","_VenueAddress":"","_VenueCity":"","_VenueCountry":"","_VenueProvince":"","_VenueState":"","_VenueZip":"","_VenuePhone":"","_VenueURL":"","_VenueStateProvince":"","_VenueLat":"","_VenueLng":"","_VenueShowMap":false,"_VenueShowMapLink":false,"footnotes":""},"class_list":["post-758","page","type-page","status-publish","hentry","entry"],"_links":{"self":[{"href":"https:\/\/brageirac.establiment.fr\/index.php?rest_route=\/wp\/v2\/pages\/758","targetHints":{"allow":["GET"]}}],"collection":[{"href":"https:\/\/brageirac.establiment.fr\/index.php?rest_route=\/wp\/v2\/pages"}],"about":[{"href":"https:\/\/brageirac.establiment.fr\/index.php?rest_route=\/wp\/v2\/types\/page"}],"author":[{"embeddable":true,"href":"https:\/\/brageirac.establiment.fr\/index.php?rest_route=\/wp\/v2\/users\/2"}],"replies":[{"embeddable":true,"href":"https:\/\/brageirac.establiment.fr\/index.php?rest_route=%2Fwp%2Fv2%2Fcomments&post=758"}],"version-history":[{"count":92,"href":"https:\/\/brageirac.establiment.fr\/index.php?rest_route=\/wp\/v2\/pages\/758\/revisions"}],"predecessor-version":[{"id":1752,"href":"https:\/\/brageirac.establiment.fr\/index.php?rest_route=\/wp\/v2\/pages\/758\/revisions\/1752"}],"wp:attachment":[{"href":"https:\/\/brageirac.establiment.fr\/index.php?rest_route=%2Fwp%2Fv2%2Fmedia&parent=758"}],"curies":[{"name":"wp","href":"https:\/\/api.w.org\/{rel}","templated":true}]}}