{"id":515,"date":"2021-06-11T15:46:25","date_gmt":"2021-06-11T13:46:25","guid":{"rendered":"https:\/\/calandreta.establiment.fr\/brageirac\/?page_id=515"},"modified":"2023-09-20T19:54:20","modified_gmt":"2023-09-20T17:54:20","slug":"la-vida-associativa","status":"publish","type":"page","link":"https:\/\/brageirac.establiment.fr\/?page_id=515","title":{"rendered":"La vida associativa"},"content":{"rendered":"\t\t<div data-elementor-type=\"wp-page\" data-elementor-id=\"515\" class=\"elementor elementor-515\">\n\t\t\t\t\t\t<section class=\"elementor-section elementor-top-section elementor-element elementor-element-dac7fb2 elementor-section-boxed elementor-section-height-default elementor-section-height-default\" data-id=\"dac7fb2\" data-element_type=\"section\">\n\t\t\t\t\t\t<div class=\"elementor-container elementor-column-gap-default\">\n\t\t\t\t\t<div class=\"elementor-column elementor-col-100 elementor-top-column elementor-element elementor-element-cf30604\" data-id=\"cf30604\" data-element_type=\"column\">\n\t\t\t<div class=\"elementor-widget-wrap elementor-element-populated\">\n\t\t\t\t\t\t<div class=\"elementor-element elementor-element-ee14667 elementor-widget elementor-widget-heading\" data-id=\"ee14667\" data-element_type=\"widget\" data-widget_type=\"heading.default\">\n\t\t\t\t<div class=\"elementor-widget-container\">\n\t\t\t<h2 class=\"elementor-heading-title elementor-size-default\">Lo bur\u00e8u <\/h2>\t\t<\/div>\n\t\t\t\t<\/div>\n\t\t\t\t<div class=\"elementor-element elementor-element-e95ebf9 elementor-widget elementor-widget-text-editor\" data-id=\"e95ebf9\" data-element_type=\"widget\" data-widget_type=\"text-editor.default\">\n\t\t\t\t<div class=\"elementor-widget-container\">\n\t\t\t\t\t\t\t<p><strong>Las co-presidentas :<\/strong>\u00a0Eva Sardan e Sophie Monferrier<\/p><p><strong>Las co-secret\u00e0rias<\/strong> : \u00a0Anna Buissi\u00e8re + ??<\/p><p><strong>Los co-tresauri\u00e8rs<\/strong> : R\u00e9my Pocard, Andja Beaupuy e Amandine Delbert.<\/p><p><strong>Lo juntaire (membre responsable de la liaison de l&rsquo;\u00e9cole avec le reste du mouvement Calandreta) :<\/strong> R\u00f2tle assegurat per Eva en esperar una autra candidatura.<\/p><p><strong>Lo cap d&rsquo;establiment<\/strong> es tanben membre de drech del bur\u00e8u.<\/p>\t\t\t\t\t\t<\/div>\n\t\t\t\t<\/div>\n\t\t\t\t\t<\/div>\n\t\t<\/div>\n\t\t\t\t\t<\/div>\n\t\t<\/section>\n\t\t\t\t<section class=\"elementor-section elementor-top-section elementor-element elementor-element-994db9b elementor-section-boxed elementor-section-height-default elementor-section-height-default\" data-id=\"994db9b\" data-element_type=\"section\">\n\t\t\t\t\t\t<div class=\"elementor-container elementor-column-gap-default\">\n\t\t\t\t\t<div class=\"elementor-column elementor-col-100 elementor-top-column elementor-element elementor-element-c1fe602\" data-id=\"c1fe602\" data-element_type=\"column\">\n\t\t\t<div class=\"elementor-widget-wrap elementor-element-populated\">\n\t\t\t\t\t\t<div class=\"elementor-element elementor-element-e677d3d elementor-widget elementor-widget-heading\" data-id=\"e677d3d\" data-element_type=\"widget\" data-widget_type=\"heading.default\">\n\t\t\t\t<div class=\"elementor-widget-container\">\n\t\t\t<h2 class=\"elementor-heading-title elementor-size-default\">Conselh d'administration<\/h2>\t\t<\/div>\n\t\t\t\t<\/div>\n\t\t\t\t<div class=\"elementor-element elementor-element-4c84348 elementor-widget elementor-widget-text-editor\" data-id=\"4c84348\" data-element_type=\"widget\" data-widget_type=\"text-editor.default\">\n\t\t\t\t<div class=\"elementor-widget-container\">\n\t\t\t\t\t\t\t<p><strong>Lo conselh d&rsquo;administracion (CA) es compausat de 18 membres que son de parents de l&rsquo;esc\u00f2la, d&rsquo;anciens parents, o de partenaris. Aquestes membres del CA son elegits pendent l&rsquo;Amassada Generala. Lo CA s&rsquo;acampa cada mes per organizar la gestion dels budj\u00e8ctes de l&rsquo;esc\u00f2la, dels emplegats, etc&#8230;<\/strong><\/p><p><em>Le conseil d&rsquo;administration (CA) est compos\u00e9 de 18 membres qui sont des parents d&rsquo;\u00e9l\u00e8ves, d&rsquo;anciens parents d&rsquo;\u00e9l\u00e8ves, ou des partenaires. Ces membres sont \u00e9lus lors de l&rsquo;Assembl\u00e9e G\u00e9n\u00e9rale. Le CA se r\u00e9unit chaque mois pour organiser la gestion des budgets de l&rsquo;\u00e9cole, des employ\u00e9s, etc&#8230;<\/em><\/p><p><strong>Un delegat dels regents es membre de drech del CA e lo cap d&rsquo;establiment n&rsquo;es membre de drech tanben. Los emplegats son convidats.<\/strong><\/p><p><em>Un d\u00e9l\u00e9gu\u00e9 des enseignants est membre de droit du CA et le chef d&rsquo;\u00e9tablissement \u00e9galement. Les employ\u00e9s sont invit\u00e9s.<\/em><\/p>\t\t\t\t\t\t<\/div>\n\t\t\t\t<\/div>\n\t\t\t\t\t<\/div>\n\t\t<\/div>\n\t\t\t\t\t<\/div>\n\t\t<\/section>\n\t\t\t\t<section class=\"elementor-section elementor-top-section elementor-element elementor-element-1525280 elementor-section-boxed elementor-section-height-default elementor-section-height-default\" data-id=\"1525280\" data-element_type=\"section\">\n\t\t\t\t\t\t<div class=\"elementor-container elementor-column-gap-default\">\n\t\t\t\t\t<div class=\"elementor-column elementor-col-100 elementor-top-column elementor-element elementor-element-80f8179\" data-id=\"80f8179\" data-element_type=\"column\">\n\t\t\t<div class=\"elementor-widget-wrap elementor-element-populated\">\n\t\t\t\t\t\t<div class=\"elementor-element elementor-element-6115ade elementor-widget elementor-widget-heading\" data-id=\"6115ade\" data-element_type=\"widget\" data-widget_type=\"heading.default\">\n\t\t\t\t<div class=\"elementor-widget-container\">\n\t\t\t<h2 class=\"elementor-heading-title elementor-size-default\">Amassada Generala<\/h2>\t\t<\/div>\n\t\t\t\t<\/div>\n\t\t\t\t<div class=\"elementor-element elementor-element-c2b8ac4 elementor-widget elementor-widget-text-editor\" data-id=\"c2b8ac4\" data-element_type=\"widget\" data-widget_type=\"text-editor.default\">\n\t\t\t\t<div class=\"elementor-widget-container\">\n\t\t\t\t\t\t\t<p><strong>Doas Amassadas Generalas ordin\u00e0rias se debanan dins l&rsquo;annada. Generalament una a la dintrada e una en debuta d&rsquo;annada civila. Es pendent l&rsquo;AG que son elegits los membres de CA, que son votadas las commissions, los reglaments interiors, que son presentats los bilan\u00e7es, etc&#8230;<\/strong><\/p><p>Deux Assembl\u00e9es G\u00e9n\u00e9rales ordinaires ont lieu dans l&rsquo;ann\u00e9e. G\u00e9n\u00e9ralement une \u00e0 la rentr\u00e9e et une en d\u00e9but d&rsquo;ann\u00e9e civile. C&rsquo;est pendant l&rsquo;AG que sont \u00e9lus les membres du CA, que sont vot\u00e9es les commissions, les r\u00e8glements int\u00e9rieurs, que sont pr\u00e9sent\u00e9s les bilans, etc&#8230;<\/p><p><strong>Totes los membres aderents de l&rsquo;associacion coma los membres de drech v\u00f2tan pendent l&rsquo;AG. Los partenaris son tanben convidats.<\/strong><\/p><p>Tous les membres adh\u00e9rents \u00e0 l&rsquo;association ainsi que les membres de droit votent lors de l&rsquo;AG. Les partenaires sont \u00e9galement invit\u00e9s.<\/p>\t\t\t\t\t\t<\/div>\n\t\t\t\t<\/div>\n\t\t\t\t\t<\/div>\n\t\t<\/div>\n\t\t\t\t\t<\/div>\n\t\t<\/section>\n\t\t\t\t<section class=\"elementor-section elementor-top-section elementor-element elementor-element-934fa20 elementor-section-boxed elementor-section-height-default elementor-section-height-default\" data-id=\"934fa20\" data-element_type=\"section\">\n\t\t\t\t\t\t<div class=\"elementor-container elementor-column-gap-default\">\n\t\t\t\t\t<div class=\"elementor-column elementor-col-100 elementor-top-column elementor-element elementor-element-e4e8d64\" data-id=\"e4e8d64\" data-element_type=\"column\">\n\t\t\t<div class=\"elementor-widget-wrap elementor-element-populated\">\n\t\t\t\t\t\t<div class=\"elementor-element elementor-element-66812e2 elementor-widget elementor-widget-heading\" data-id=\"66812e2\" data-element_type=\"widget\" data-widget_type=\"heading.default\">\n\t\t\t\t<div class=\"elementor-widget-container\">\n\t\t\t<h2 class=\"elementor-heading-title elementor-size-default\">Comissions<\/h2>\t\t<\/div>\n\t\t\t\t<\/div>\n\t\t\t\t<div class=\"elementor-element elementor-element-19eed13 elementor-widget elementor-widget-text-editor\" data-id=\"19eed13\" data-element_type=\"widget\" data-widget_type=\"text-editor.default\">\n\t\t\t\t<div class=\"elementor-widget-container\">\n\t\t\t\t\t\t\t<p><strong>L&rsquo;association fonctionne avec des commissions, dont les r\u00f4les sont bien d\u00e9finis. Chacun peut s&rsquo;inscrire et se retirer d&rsquo;une commission \u00e0 tout moment. Chaque commission a un r\u00e9f\u00e9rent qui est invit\u00e9 aux CA.<\/strong><\/p>\n<p><span style=\"font-family: Roboto, sans-serif; font-size: 14px; font-style: normal; font-variant-caps: normal; font-weight: 600;\">Comission animacions&nbsp;<\/span><span style=\"font-weight: 600;\">ext\u00e8rnas<\/span><\/p>\n<p>La commission animations externes est celle qui a le plus besoin de participants et qui est la plus indispensable \u00e0 l&rsquo;\u00e9cole. E<span style=\"color: var( --e-global-color-text );\">lle est en charge&nbsp;<\/span>d&rsquo;organiser<span style=\"color: var( --e-global-color-text );\">&nbsp;des \u00e9v\u00e8nements ext\u00e9rieurs dans un but lucratif<\/span><span style=\"font-size: 14px; color: var( --e-global-color-text );\">&nbsp;(quine, concert, vide-grenier, soir\u00e9e contes, etc&#8230;) : ceci permet le financement et donc le fonctionnement de l&rsquo;\u00e9cole. Les manifestations organis\u00e9es permettent \u00e9galement de faire vivre la culture occitane dans notre ville, ce qui est la mission premi\u00e8re de Calandreta. Il y a g\u00e9n\u00e9ralement besoin de beaucoup de&nbsp;<\/span><span style=\"font-size: 14px; color: var( --e-global-color-text );\">parents pour l&rsquo;organisation ainsi que la tenue des \u00e9v\u00e8nements, et cette commission est accessible \u00e0 tous.<\/span><\/p>\n<p><span style=\"font-family: Roboto, sans-serif; font-size: 14px; font-style: normal; font-variant-caps: normal; font-weight: 600;\">Comission animacions&nbsp;<\/span><span style=\"font-weight: 600;\">int\u00e8rnas<\/span><\/p>\n<p>La commission animations internes est \u00e9galement importante et a besoin de&nbsp;moyens humains. Elle est en charge d&rsquo;organiser des animations \u00e0 destination des familles de l&rsquo;\u00e9cole : f\u00eates, tombola, vente de chocolats, etc&#8230; Elle ram\u00e8ne donc des fonds, participant ainsi au bon fonctionnement de l&rsquo;\u00e9cole, mais participe \u00e9galement et surtout \u00e0 la vie et au dynamisme de l&rsquo;\u00e9cole. Elle est accessible \u00e0 tous.<\/p><p style=\"font-variant-caps: normal; font-family: Roboto, sans-serif; font-size: 14px; font-style: normal;\"><span style=\"font-size: 14px; font-weight: 600;\">Comission igi\u00e8na e seguretat<\/span><\/p><p style=\"font-variant-caps: normal; font-family: Roboto, sans-serif; font-size: 14px; font-style: normal;\">La commission hygi\u00e8ne et s\u00e9curit\u00e9 s&rsquo;occupe notamment de fournir le mat\u00e9riel n\u00e9cessaire aux employ\u00e9s et d&rsquo;organiser des sessions de m\u00e9nage pendant les vacances pour les parents. Elle est accessible \u00e0 tous.<\/p><p style=\"font-variant-caps: normal; font-family: Roboto, sans-serif; font-size: 14px; font-style: normal;\"><span style=\"font-size: 14px; font-weight: 600;\">Comission amenatjament :<\/span><\/p><p style=\"font-variant-caps: normal; font-family: Roboto, sans-serif; font-size: 14px; font-style: normal;\">La commission am\u00e9nagement s&rsquo;occupe des am\u00e9nagements l\u00e9gers qui seraient demand\u00e9s dans l&rsquo;\u00e9cole. Elle est accessible \u00e0 tous ceux ayant des connaissances dans le domaine du bricolage.<\/p><p style=\"font-variant-caps: normal; font-family: Roboto, sans-serif; font-size: 14px; font-style: normal;\"><span style=\"font-size: 14px; font-weight: 600;\">Comission comunicacion e informatic :&nbsp;<\/span><\/p><p style=\"font-variant-caps: normal; font-family: Roboto, sans-serif; font-size: 14px; font-style: normal;\">La commission communication et informatique a en charge la communication et la promotion des \u00e9v\u00e8nements sur &nbsp;les diff\u00e9rents r\u00e9seaux de l&rsquo;\u00e9cole, \u00e0 la demande du bureau. Elle se charge \u00e9galement du site internet. Elle a le r\u00f4le d&rsquo;\u00e9diter et cr\u00e9er les supports de communication de l&rsquo;\u00e9cole (logo, flyers, affiches, etc&#8230;). Enfin, elle a le r\u00f4le d&rsquo;entretenir les r\u00e9seaux internes de fonctionnement de l&rsquo;association (cloud, messagerie, etc&#8230;). Elle est accessible \u00e0 tous ceux ayant des connaissances dans ce domaine.<\/p>\n<p><strong>Comission Ressorgas Umanas<\/strong><\/p>\n<p>La Commission Ressources Humaines s&rsquo;occupe, de concert avec le chef d&rsquo;\u00e9tablissement, de la recherche de personnel, de la gestion des contrats de travail, ainsi que du remplacement des employ\u00e9s absents. Elle assure \u00e9galement un suivi des employ\u00e9s et est en communication avec eux. Il est n\u00e9cessaire d&rsquo;avoir d\u00e9j\u00e0 une bonne connaissance de l&rsquo;\u00e9cole et de son fonctionnement.<\/p>\n<p><strong>Comission de seguit dels servicis civic<\/strong><\/p>\n<p>La commission de suivi des services civiques s&rsquo;occupe, de concert avec l&rsquo;\u00e9quipe p\u00e9dagogique, du recrutement des services civiques, de la gestion des contrats et de l&rsquo;accompagnement des jeunes qui sont accueillis en service civique dans l&rsquo;\u00e9cole. Elle demande \u00e9galement une bonne connaissance de l&rsquo;\u00e9cole et de son fonctionnement.<\/p>\n<p><strong>Comission arcu\u00e8lh dels nov\u00e8ls escolans<\/strong><\/p>\n<p>La commission accueil des nouveaux \u00e9l\u00e8ves s&rsquo;occupe de recevoir, avec les enseignants, les familles souhaitant inscrire leurs enfants \u00e0 l&rsquo;\u00e9cole et de leur pr\u00e9senter l&rsquo;\u00e9tablissement ainsi que le fonctionnement de l&rsquo;association. Elle est aussi en charge de l&rsquo;organisation des portes ouvertes. Il est \u00e9galement n\u00e9cessaire de conna\u00eetre l&rsquo;\u00e9cole et son fonctionnement pour int\u00e9grer cette commission.<\/p>\n<p><strong>Comission mediacion :<\/strong><\/p>\n<p>La commission m\u00e9diation peut \u00eatre sollicit\u00e9e en cas de conflit interne dans l&rsquo;association.&nbsp;<\/p>\n<p><strong>Comission subvencion e mecenat :&nbsp;<\/strong><\/p>\n<p>La commission subvention et m\u00e9c\u00e9nat est d\u00e9di\u00e9e \u00e0 la recherche de subventions ainsi qu&rsquo;\u00e0 la prospection de m\u00e9c\u00e8nes potentiels. Elle a \u00e9t\u00e9 cr\u00e9\u00e9e derni\u00e8rement est tous membres ayant des connaissances dans l&rsquo;administratif est convi\u00e9 \u00e0 la faire vivre, car elle peut s&rsquo;av\u00e9rer tr\u00e8s utile pour le fonctionnement de l&rsquo;\u00e9cole !&nbsp;<\/p>\t\t\t\t\t\t<\/div>\n\t\t\t\t<\/div>\n\t\t\t\t\t<\/div>\n\t\t<\/div>\n\t\t\t\t\t<\/div>\n\t\t<\/section>\n\t\t\t\t<\/div>\n\t\t","protected":false},"excerpt":{"rendered":"<p>Lo bur\u00e8u Las co-presidentas :\u00a0Eva Sardan e Sophie Monferrier Las co-secret\u00e0rias : \u00a0Anna Buissi\u00e8re + ?? Los co-tresauri\u00e8rs : R\u00e9my Pocard, Andja Beaupuy e Amandine Delbert. Lo juntaire (membre responsable [&hellip;]<\/p>\n","protected":false},"author":2,"featured_media":0,"parent":0,"menu_order":0,"comment_status":"closed","ping_status":"closed","template":"","meta":{"_EventAllDay":false,"_EventTimezone":"","_EventStartDate":"","_EventEndDate":"","_EventStartDateUTC":"","_EventEndDateUTC":"","_EventShowMap":false,"_EventShowMapLink":false,"_EventURL":"","_EventCost":"","_EventCostDescription":"","_EventCurrencySymbol":"","_EventCurrencyCode":"","_EventCurrencyPosition":"","_EventDateTimeSeparator":"","_EventTimeRangeSeparator":"","_EventOrganizerID":[],"_EventVenueID":[],"_OrganizerEmail":"","_OrganizerPhone":"","_OrganizerWebsite":"","_VenueAddress":"","_VenueCity":"","_VenueCountry":"","_VenueProvince":"","_VenueState":"","_VenueZip":"","_VenuePhone":"","_VenueURL":"","_VenueStateProvince":"","_VenueLat":"","_VenueLng":"","_VenueShowMap":false,"_VenueShowMapLink":false,"footnotes":""},"class_list":["post-515","page","type-page","status-publish","hentry","entry"],"_links":{"self":[{"href":"https:\/\/brageirac.establiment.fr\/index.php?rest_route=\/wp\/v2\/pages\/515","targetHints":{"allow":["GET"]}}],"collection":[{"href":"https:\/\/brageirac.establiment.fr\/index.php?rest_route=\/wp\/v2\/pages"}],"about":[{"href":"https:\/\/brageirac.establiment.fr\/index.php?rest_route=\/wp\/v2\/types\/page"}],"author":[{"embeddable":true,"href":"https:\/\/brageirac.establiment.fr\/index.php?rest_route=\/wp\/v2\/users\/2"}],"replies":[{"embeddable":true,"href":"https:\/\/brageirac.establiment.fr\/index.php?rest_route=%2Fwp%2Fv2%2Fcomments&post=515"}],"version-history":[{"count":23,"href":"https:\/\/brageirac.establiment.fr\/index.php?rest_route=\/wp\/v2\/pages\/515\/revisions"}],"predecessor-version":[{"id":1765,"href":"https:\/\/brageirac.establiment.fr\/index.php?rest_route=\/wp\/v2\/pages\/515\/revisions\/1765"}],"wp:attachment":[{"href":"https:\/\/brageirac.establiment.fr\/index.php?rest_route=%2Fwp%2Fv2%2Fmedia&parent=515"}],"curies":[{"name":"wp","href":"https:\/\/api.w.org\/{rel}","templated":true}]}}